{"id":728,"date":"2026-01-14T10:54:31","date_gmt":"2026-01-14T09:54:31","guid":{"rendered":"https:\/\/otsardi.eus\/?page_id=728"},"modified":"2026-01-22T14:07:19","modified_gmt":"2026-01-22T13:07:19","slug":"otsardi","status":"publish","type":"page","link":"https:\/\/otsardi.eus\/index.php\/otsardi\/","title":{"rendered":"Otsardi"},"content":{"rendered":"\t\t<div data-elementor-type=\"wp-page\" data-elementor-id=\"728\" class=\"elementor elementor-728\">\n\t\t\t\t\t\t<section class=\"elementor-section elementor-top-section elementor-element elementor-element-793e946 elementor-section-boxed elementor-section-height-default elementor-section-height-default\" data-id=\"793e946\" data-element_type=\"section\" data-e-type=\"section\">\n\t\t\t\t\t\t<div class=\"elementor-container elementor-column-gap-default\">\n\t\t\t\t\t<div class=\"elementor-column elementor-col-100 elementor-top-column elementor-element elementor-element-a16522f\" data-id=\"a16522f\" data-element_type=\"column\" data-e-type=\"column\">\n\t\t\t<div class=\"elementor-widget-wrap\">\n\t\t\t\t\t\t\t<\/div>\n\t\t<\/div>\n\t\t\t\t\t<\/div>\n\t\t<\/section>\n\t\t\t\t<section class=\"elementor-section elementor-top-section elementor-element elementor-element-b1eefde elementor-section-boxed elementor-section-height-default elementor-section-height-default\" data-id=\"b1eefde\" data-element_type=\"section\" data-e-type=\"section\">\n\t\t\t\t\t\t<div class=\"elementor-container elementor-column-gap-default\">\n\t\t\t\t\t<div class=\"elementor-column elementor-col-33 elementor-top-column elementor-element elementor-element-4321d68\" data-id=\"4321d68\" data-element_type=\"column\" data-e-type=\"column\">\n\t\t\t<div class=\"elementor-widget-wrap elementor-element-populated\">\n\t\t\t\t\t\t<div class=\"elementor-element elementor-element-2400414 elementor-widget elementor-widget-image\" data-id=\"2400414\" data-element_type=\"widget\" data-e-type=\"widget\" data-widget_type=\"image.default\">\n\t\t\t\t<div class=\"elementor-widget-container\">\n\t\t\t\t\t\t\t\t\t\t\t\t\t\t\t<img fetchpriority=\"high\" decoding=\"async\" width=\"750\" height=\"1000\" src=\"https:\/\/otsardi.eus\/wp-content\/uploads\/2026\/01\/photo_3_2026-01-21_09-27-14-768x1024.jpg\" class=\"attachment-large size-large wp-image-841\" alt=\"\" srcset=\"https:\/\/otsardi.eus\/wp-content\/uploads\/2026\/01\/photo_3_2026-01-21_09-27-14-768x1024.jpg 768w, https:\/\/otsardi.eus\/wp-content\/uploads\/2026\/01\/photo_3_2026-01-21_09-27-14-225x300.jpg 225w, https:\/\/otsardi.eus\/wp-content\/uploads\/2026\/01\/photo_3_2026-01-21_09-27-14.jpg 960w\" sizes=\"(max-width: 750px) 100vw, 750px\" \/>\t\t\t\t\t\t\t\t\t\t\t\t\t\t\t<\/div>\n\t\t\t\t<\/div>\n\t\t\t\t<div class=\"elementor-element elementor-element-4b1fa15 elementor-widget elementor-widget-text-editor\" data-id=\"4b1fa15\" data-element_type=\"widget\" data-e-type=\"widget\" data-widget_type=\"text-editor.default\">\n\t\t\t\t<div class=\"elementor-widget-container\">\n\t\t\t\t\t\t\t\t\t<h3>Espacio 1<\/h3>\t\t\t\t\t\t\t\t<\/div>\n\t\t\t\t<\/div>\n\t\t\t\t<div class=\"elementor-element elementor-element-6e524be elementor-widget elementor-widget-text-editor\" data-id=\"6e524be\" data-element_type=\"widget\" data-e-type=\"widget\" data-widget_type=\"text-editor.default\">\n\t\t\t\t<div class=\"elementor-widget-container\">\n\t\t\t\t\t\t\t\t\t<p data-start=\"164\" data-end=\"416\">Al entrar a Otsardi, las personas usuarias acceden a una sala de acogida pensada para recibirlas con calma y comodidad. Este espacio funciona como zona de entrada y transici\u00f3n, donde se pueden dejar chaquetas y calzado antes de comenzar las sesiones.<\/p><p><\/p><p data-start=\"418\" data-end=\"706\">Adem\u00e1s, la sala alberga una exposici\u00f3n de instrumentos musicales terap\u00e9uticos, permitiendo un primer contacto sensorial con el material que se utiliza en las intervenciones. Es un espacio abierto y cuidado que tiene como objetivo para generar comodidad y bienestar.<\/p>\t\t\t\t\t\t\t\t<\/div>\n\t\t\t\t<\/div>\n\t\t\t\t\t<\/div>\n\t\t<\/div>\n\t\t\t\t<div class=\"elementor-column elementor-col-33 elementor-top-column elementor-element elementor-element-3601a21\" data-id=\"3601a21\" data-element_type=\"column\" data-e-type=\"column\">\n\t\t\t<div class=\"elementor-widget-wrap elementor-element-populated\">\n\t\t\t\t\t\t<div class=\"elementor-element elementor-element-8b3797f elementor-widget elementor-widget-image\" data-id=\"8b3797f\" data-element_type=\"widget\" data-e-type=\"widget\" data-widget_type=\"image.default\">\n\t\t\t\t<div class=\"elementor-widget-container\">\n\t\t\t\t\t\t\t\t\t\t\t\t\t\t\t<img decoding=\"async\" width=\"750\" height=\"1000\" src=\"https:\/\/otsardi.eus\/wp-content\/uploads\/2026\/01\/photo_2_2026-01-21_09-27-14-768x1024.jpg\" class=\"attachment-large size-large wp-image-840\" alt=\"\" srcset=\"https:\/\/otsardi.eus\/wp-content\/uploads\/2026\/01\/photo_2_2026-01-21_09-27-14-768x1024.jpg 768w, https:\/\/otsardi.eus\/wp-content\/uploads\/2026\/01\/photo_2_2026-01-21_09-27-14-225x300.jpg 225w, https:\/\/otsardi.eus\/wp-content\/uploads\/2026\/01\/photo_2_2026-01-21_09-27-14.jpg 960w\" sizes=\"(max-width: 750px) 100vw, 750px\" \/>\t\t\t\t\t\t\t\t\t\t\t\t\t\t\t<\/div>\n\t\t\t\t<\/div>\n\t\t\t\t<div class=\"elementor-element elementor-element-e29be85 elementor-widget elementor-widget-text-editor\" data-id=\"e29be85\" data-element_type=\"widget\" data-e-type=\"widget\" data-widget_type=\"text-editor.default\">\n\t\t\t\t<div class=\"elementor-widget-container\">\n\t\t\t\t\t\t\t\t\t<h3 style=\"color: #3c4858;\">Espacio 2<\/h3>\t\t\t\t\t\t\t\t<\/div>\n\t\t\t\t<\/div>\n\t\t\t\t<div class=\"elementor-element elementor-element-bf309e8 elementor-widget elementor-widget-text-editor\" data-id=\"bf309e8\" data-element_type=\"widget\" data-e-type=\"widget\" data-widget_type=\"text-editor.default\">\n\t\t\t\t<div class=\"elementor-widget-container\">\n\t\t\t\t\t\t\t\t\t<p data-start=\"146\" data-end=\"475\">Este segundo espacio combina las funciones de oficina y sala de intervenci\u00f3n individual, ofreciendo un entorno tranquilo y acogedor para sesiones de musicoterapia con personas adultas. La sala est\u00e1 dise\u00f1ada para favorecer la concentraci\u00f3n y la relajaci\u00f3n, creando un clima de seguridad y escucha.<\/p><p><\/p><p data-start=\"477\" data-end=\"799\">Asimismo, el espacio se utiliza como aula de piano, equipado con un piano vertical profesional de cuerda, lo que permite realizar clases de instrumento en condiciones \u00f3ptimas de calidad sonora y confort. Se trata de una sala pensada tanto para el trabajo terap\u00e9utico como para la formaci\u00f3n musical individual.<\/p>\t\t\t\t\t\t\t\t<\/div>\n\t\t\t\t<\/div>\n\t\t\t\t\t<\/div>\n\t\t<\/div>\n\t\t\t\t<div class=\"elementor-column elementor-col-33 elementor-top-column elementor-element elementor-element-ef0fe84\" data-id=\"ef0fe84\" data-element_type=\"column\" data-e-type=\"column\">\n\t\t\t<div class=\"elementor-widget-wrap elementor-element-populated\">\n\t\t\t\t\t\t<div class=\"elementor-element elementor-element-d641853 elementor-widget elementor-widget-image\" data-id=\"d641853\" data-element_type=\"widget\" data-e-type=\"widget\" data-widget_type=\"image.default\">\n\t\t\t\t<div class=\"elementor-widget-container\">\n\t\t\t\t\t\t\t\t\t\t\t\t\t\t\t<img decoding=\"async\" width=\"750\" height=\"1000\" src=\"https:\/\/otsardi.eus\/wp-content\/uploads\/2026\/01\/photo_1_2026-01-21_09-27-14-768x1024.jpg\" class=\"attachment-large size-large wp-image-839\" alt=\"\" srcset=\"https:\/\/otsardi.eus\/wp-content\/uploads\/2026\/01\/photo_1_2026-01-21_09-27-14-768x1024.jpg 768w, https:\/\/otsardi.eus\/wp-content\/uploads\/2026\/01\/photo_1_2026-01-21_09-27-14-225x300.jpg 225w, https:\/\/otsardi.eus\/wp-content\/uploads\/2026\/01\/photo_1_2026-01-21_09-27-14.jpg 960w\" sizes=\"(max-width: 750px) 100vw, 750px\" \/>\t\t\t\t\t\t\t\t\t\t\t\t\t\t\t<\/div>\n\t\t\t\t<\/div>\n\t\t\t\t<div class=\"elementor-element elementor-element-7b595da elementor-widget elementor-widget-text-editor\" data-id=\"7b595da\" data-element_type=\"widget\" data-e-type=\"widget\" data-widget_type=\"text-editor.default\">\n\t\t\t\t<div class=\"elementor-widget-container\">\n\t\t\t\t\t\t\t\t\t<h3 style=\"color: #3c4858;\">Espacio 3<\/h3>\t\t\t\t\t\t\t\t<\/div>\n\t\t\t\t<\/div>\n\t\t\t\t<div class=\"elementor-element elementor-element-f4a204a elementor-widget elementor-widget-text-editor\" data-id=\"f4a204a\" data-element_type=\"widget\" data-e-type=\"widget\" data-widget_type=\"text-editor.default\">\n\t\t\t\t<div class=\"elementor-widget-container\">\n\t\t\t\t\t\t\t\t\t<p data-start=\"156\" data-end=\"428\">La tercera sala del centro est\u00e1 concebida como un espacio polivalente para actividades grupales y formativas. En ella se imparten clases de piano en un entorno m\u00e1s distendido, as\u00ed como sesiones de <em>M\u00fasica y Movimiento<\/em> y clases de Lenguaje Musical para distintas edades.<\/p><p><\/p><p data-start=\"430\" data-end=\"738\">Adem\u00e1s, este espacio acoge talleres grupales y actividades colectivas, adapt\u00e1ndose a diferentes din\u00e1micas y metodolog\u00edas. Su dise\u00f1o flexible permite trabajar tanto el aprendizaje musical como la expresi\u00f3n corporal y creativa, favoreciendo la participaci\u00f3n, la interacci\u00f3n y el disfrute de la m\u00fasica en grupo.<\/p>\t\t\t\t\t\t\t\t<\/div>\n\t\t\t\t<\/div>\n\t\t\t\t\t<\/div>\n\t\t<\/div>\n\t\t\t\t\t<\/div>\n\t\t<\/section>\n\t\t\t\t<\/div>\n\t\t","protected":false},"excerpt":{"rendered":"<p>Espacio 1 Al entrar a Otsardi, las personas usuarias acceden a una sala de acogida pensada para recibirlas con calma y comodidad. Este espacio funciona como zona de entrada y transici\u00f3n, donde se pueden dejar chaquetas y calzado antes de comenzar las sesiones. Adem\u00e1s, la sala alberga una exposici\u00f3n de [&hellip;]<\/p>\n","protected":false},"author":1,"featured_media":0,"parent":0,"menu_order":0,"comment_status":"closed","ping_status":"closed","template":"page-templates\/template-pagebuilder-full-width.php","meta":{"footnotes":""},"class_list":["post-728","page","type-page","status-publish","hentry"],"_links":{"self":[{"href":"https:\/\/otsardi.eus\/index.php\/wp-json\/wp\/v2\/pages\/728","targetHints":{"allow":["GET"]}}],"collection":[{"href":"https:\/\/otsardi.eus\/index.php\/wp-json\/wp\/v2\/pages"}],"about":[{"href":"https:\/\/otsardi.eus\/index.php\/wp-json\/wp\/v2\/types\/page"}],"author":[{"embeddable":true,"href":"https:\/\/otsardi.eus\/index.php\/wp-json\/wp\/v2\/users\/1"}],"replies":[{"embeddable":true,"href":"https:\/\/otsardi.eus\/index.php\/wp-json\/wp\/v2\/comments?post=728"}],"version-history":[{"count":17,"href":"https:\/\/otsardi.eus\/index.php\/wp-json\/wp\/v2\/pages\/728\/revisions"}],"predecessor-version":[{"id":859,"href":"https:\/\/otsardi.eus\/index.php\/wp-json\/wp\/v2\/pages\/728\/revisions\/859"}],"wp:attachment":[{"href":"https:\/\/otsardi.eus\/index.php\/wp-json\/wp\/v2\/media?parent=728"}],"curies":[{"name":"wp","href":"https:\/\/api.w.org\/{rel}","templated":true}]}}